{"id":12261,"date":"2023-08-25T10:59:03","date_gmt":"2023-08-25T07:59:03","guid":{"rendered":"http:\/\/tugraotocikma.com\/?post_type=product&#038;p=12261"},"modified":"2023-08-25T10:59:04","modified_gmt":"2023-08-25T07:59:04","slug":"volkswagen-seat-skoda-7dsg-mekatronic-sanzuman-karti-otomatik-sanzuman-kart-pompasi","status":"publish","type":"product","link":"https:\/\/tugraotocikma.com\/index.php\/product\/volkswagen-seat-skoda-7dsg-mekatronic-sanzuman-karti-otomatik-sanzuman-kart-pompasi\/","title":{"rendered":"Volkswagen Seat Skoda 7DSG Mekatronic \u015eanzuman Kart\u0131  Otomatik \u015eanzuman Kart Pompas\u0131"},"content":{"rendered":"","protected":false},"excerpt":{"rendered":"","protected":false},"featured_media":12262,"template":"","meta":[],"product_brand":[],"product_cat":[15,493,494,492],"product_tag":[],"class_list":{"0":"post-12261","1":"product","2":"type-product","3":"status-publish","4":"has-post-thumbnail","6":"product_cat-diger","7":"product_cat-seat","8":"product_cat-skoda","9":"product_cat-volkswagen","11":"first","12":"instock","13":"shipping-taxable","14":"product-type-simple"},"_links":{"self":[{"href":"https:\/\/tugraotocikma.com\/index.php\/wp-json\/wp\/v2\/product\/12261","targetHints":{"allow":["GET"]}}],"collection":[{"href":"https:\/\/tugraotocikma.com\/index.php\/wp-json\/wp\/v2\/product"}],"about":[{"href":"https:\/\/tugraotocikma.com\/index.php\/wp-json\/wp\/v2\/types\/product"}],"version-history":[{"count":0,"href":"https:\/\/tugraotocikma.com\/index.php\/wp-json\/wp\/v2\/product\/12261\/revisions"}],"wp:featuredmedia":[{"embeddable":true,"href":"https:\/\/tugraotocikma.com\/index.php\/wp-json\/wp\/v2\/media\/12262"}],"wp:attachment":[{"href":"https:\/\/tugraotocikma.com\/index.php\/wp-json\/wp\/v2\/media?parent=12261"}],"wp:term":[{"taxonomy":"product_brand","embeddable":true,"href":"https:\/\/tugraotocikma.com\/index.php\/wp-json\/wp\/v2\/product_brand?post=12261"},{"taxonomy":"product_cat","embeddable":true,"href":"https:\/\/tugraotocikma.com\/index.php\/wp-json\/wp\/v2\/product_cat?post=12261"},{"taxonomy":"product_tag","embeddable":true,"href":"https:\/\/tugraotocikma.com\/index.php\/wp-json\/wp\/v2\/product_tag?post=12261"}],"curies":[{"name":"wp","href":"https:\/\/api.w.org\/{rel}","templated":true}]}}