{"id":12108,"date":"2023-08-23T09:47:32","date_gmt":"2023-08-23T06:47:32","guid":{"rendered":"http:\/\/tugraotocikma.com\/?post_type=product&#038;p=12108"},"modified":"2023-08-23T09:47:33","modified_gmt":"2023-08-23T06:47:33","slug":"toyota-avensis-rav4-1az-enjektor-ve-benzin-basinc-regulatoru-benzin-pompasi","status":"publish","type":"product","link":"https:\/\/tugraotocikma.com\/index.php\/product\/toyota-avensis-rav4-1az-enjektor-ve-benzin-basinc-regulatoru-benzin-pompasi\/","title":{"rendered":"Toyota Avensis Rav4 1AZ Enjekt\u00f6r ve Benzin Bas\u0131n\u00e7 Reg\u00fclat\u00f6r\u00fc Benzin Pompas\u0131"},"content":{"rendered":"","protected":false},"excerpt":{"rendered":"","protected":false},"featured_media":12109,"template":"","meta":[],"product_brand":[],"product_cat":[526,15,502,557,490],"product_tag":[],"class_list":{"0":"post-12108","1":"product","2":"type-product","3":"status-publish","4":"has-post-thumbnail","6":"product_cat-avensis","7":"product_cat-diger","8":"product_cat-enjektor","9":"product_cat-rav4-yedek-parcalari","10":"product_cat-toyota","12":"first","13":"instock","14":"shipping-taxable","15":"product-type-simple"},"_links":{"self":[{"href":"https:\/\/tugraotocikma.com\/index.php\/wp-json\/wp\/v2\/product\/12108","targetHints":{"allow":["GET"]}}],"collection":[{"href":"https:\/\/tugraotocikma.com\/index.php\/wp-json\/wp\/v2\/product"}],"about":[{"href":"https:\/\/tugraotocikma.com\/index.php\/wp-json\/wp\/v2\/types\/product"}],"version-history":[{"count":0,"href":"https:\/\/tugraotocikma.com\/index.php\/wp-json\/wp\/v2\/product\/12108\/revisions"}],"wp:featuredmedia":[{"embeddable":true,"href":"https:\/\/tugraotocikma.com\/index.php\/wp-json\/wp\/v2\/media\/12109"}],"wp:attachment":[{"href":"https:\/\/tugraotocikma.com\/index.php\/wp-json\/wp\/v2\/media?parent=12108"}],"wp:term":[{"taxonomy":"product_brand","embeddable":true,"href":"https:\/\/tugraotocikma.com\/index.php\/wp-json\/wp\/v2\/product_brand?post=12108"},{"taxonomy":"product_cat","embeddable":true,"href":"https:\/\/tugraotocikma.com\/index.php\/wp-json\/wp\/v2\/product_cat?post=12108"},{"taxonomy":"product_tag","embeddable":true,"href":"https:\/\/tugraotocikma.com\/index.php\/wp-json\/wp\/v2\/product_tag?post=12108"}],"curies":[{"name":"wp","href":"https:\/\/api.w.org\/{rel}","templated":true}]}}