{"id":11993,"date":"2023-08-22T10:44:22","date_gmt":"2023-08-22T07:44:22","guid":{"rendered":"http:\/\/tugraotocikma.com\/?post_type=product&#038;p=11993"},"modified":"2023-08-22T10:44:23","modified_gmt":"2023-08-22T07:44:23","slug":"toyota-avensis-rav4-2003-2008-model-1az-2-0-benzin-regulatoru-benzin-basinc-pompasi","status":"publish","type":"product","link":"https:\/\/tugraotocikma.com\/index.php\/product\/toyota-avensis-rav4-2003-2008-model-1az-2-0-benzin-regulatoru-benzin-basinc-pompasi\/","title":{"rendered":"Toyota Avensis Rav4 2003-2008 Model 1AZ 2.0 Benzin Reg\u00fclat\u00f6r\u00fc Benzin Bas\u0131n\u00e7 Pompas\u0131"},"content":{"rendered":"","protected":false},"excerpt":{"rendered":"","protected":false},"featured_media":11994,"template":"","meta":[],"product_brand":[],"product_cat":[526,15,557,490],"product_tag":[],"class_list":{"0":"post-11993","1":"product","2":"type-product","3":"status-publish","4":"has-post-thumbnail","6":"product_cat-avensis","7":"product_cat-diger","8":"product_cat-rav4-yedek-parcalari","9":"product_cat-toyota","11":"first","12":"instock","13":"shipping-taxable","14":"product-type-simple"},"_links":{"self":[{"href":"https:\/\/tugraotocikma.com\/index.php\/wp-json\/wp\/v2\/product\/11993","targetHints":{"allow":["GET"]}}],"collection":[{"href":"https:\/\/tugraotocikma.com\/index.php\/wp-json\/wp\/v2\/product"}],"about":[{"href":"https:\/\/tugraotocikma.com\/index.php\/wp-json\/wp\/v2\/types\/product"}],"version-history":[{"count":0,"href":"https:\/\/tugraotocikma.com\/index.php\/wp-json\/wp\/v2\/product\/11993\/revisions"}],"wp:featuredmedia":[{"embeddable":true,"href":"https:\/\/tugraotocikma.com\/index.php\/wp-json\/wp\/v2\/media\/11994"}],"wp:attachment":[{"href":"https:\/\/tugraotocikma.com\/index.php\/wp-json\/wp\/v2\/media?parent=11993"}],"wp:term":[{"taxonomy":"product_brand","embeddable":true,"href":"https:\/\/tugraotocikma.com\/index.php\/wp-json\/wp\/v2\/product_brand?post=11993"},{"taxonomy":"product_cat","embeddable":true,"href":"https:\/\/tugraotocikma.com\/index.php\/wp-json\/wp\/v2\/product_cat?post=11993"},{"taxonomy":"product_tag","embeddable":true,"href":"https:\/\/tugraotocikma.com\/index.php\/wp-json\/wp\/v2\/product_tag?post=11993"}],"curies":[{"name":"wp","href":"https:\/\/api.w.org\/{rel}","templated":true}]}}